 the value of (1 + 0 - (-1 + -7 - -7)) + -513 + 492?
-19
9 - (-16 + 27 + -7) - (39 + 1 + 1)
-36
Evaluate -10 - (15 + (1 - 22)) - -44 - 16.
24
(26 - -3) + -16 + (-6 - -4 - 11)
0
What is -50 + 63 + -80 - -77?
10
What is the value of -8 + -17 + 50 + -63 - (-6 + -2 - -12)?
-42
What is the value of -83 - (-74 - 119 - -110)?
0
Calculate -153 + 161 + 0 + 1 - (-4 - -6) - -12.
19
What is (2 - -1 - 33) + (6 - 0) + (-259 - -250)?
-33
What is the value of (23 - (37 - 23) - -5) + 22?
36
What is -43 + (20 + 10 - -51) + (2 - (-2 + -2))?
44
What is -8 - (0 - 7 - (18 + -7))?
10
(-87 - -91 - (-13 + -1)) + (1 - 2) + 0
17
725 + -693 - (7 + 30 + 7)
-12
Calculate -1 + ((-10 - 10) + -9 - -21) - -1.
-8
What is the value of (35 - 1) + -8 + -8 + 13 - 20?
11
(22 - -1) + -25 + (-37 - -106)
67
Evaluate -98 + 208 + (-76 - 0).
34
(-171 - -4) + -1488 + 1626
-29
50 + (-5 - 0) + (136 - 116)
65
What is 275 - (51 - -127) - (9 + -1)?
89
Evaluate -83 + (-5 - -87) + (2 + -2 - 52).
-53
Calculate (28 - 1) + -6 + -2 + (-630 - -627).
16
100 + (80 - 193) + 125 + -2
110
What is 0 - 95 - (-256 - -205)?
-44
Evaluate -4 - -3 - -3 - (40 - -3 - (-245 + 260)).
-26
What is the value of -150 + 173 - (99 - (-7 + 4))?
-79
What is 57 + -103 + 47 + -4?
-3
Evaluate 15 + 18 + -56 + 2 - -6.
-15
-3 - -1 - (121 - (-61 - -212))
28
Calculate (-1 - (-18 - -1)) + (-121 - -126) - (-24 + 31).
14
What is the value of 1874 + -1840 + -76 + 0?
-42
Calculate -91 - -95 - (59 + (9 - -11)).
-75
-58 + (-15 - -38) + 12
-23
What is the value of -9 + (-5 - 15 - -13 - (-5 + -5 + -3))?
-3
(-6 - 2) + (-5 - -2) + 0 + (4 - 7)
-14
What is -46 - (16 + (110 - 159))?
-13
-214 + 205 + (5 - -2 - 47)
-49
What is the value of (14 - (11 + 14 + -7)) + -20 + 18?
-6
(11 - 3 - (28 - 12) - -5) + 55 + 7
59
Calculate 14 - (93 - 0 - (5 + (-5 - (-6 - -4)))).
-77
Evaluate (-25 - -113) + (32 - -15) + -45.
90
Evaluate 13 + -23 + 11 + 24 - -124.
149
Calculate -67 - (-8 + -6 + -35 + 54).
-72
What is 5 - (10 + -15 + 0 + -14 + 6)?
18
What is the value of -2 + -36 - ((-14 + 10 + 2 - 6) + 3)?
-33
Calculate 133 + 16 + -189 + 64.
24
Evaluate (10 - -38 - 16) + (-13 - 20).
-1
Evaluate (-3 - ((26 - 7) + -41)) + 26.
45
-33 - (-38 - (36 - 1 - 24))
16
Evaluate (-1 - -14) + (-17 - (7 + -9)) - -5.
3
Calculate 88 + (-148 - 11) + (8 - 5) + 14.
-54
What is the value of (3 - 4 - (-15 + 14 + -3)) + 1?
4
What is the value of (5 - ((-12 - -8) + 18 - 8)) + 3?
2
Evaluate -35 + (-107 - -51) + 84 - (0 - (43 + -2)).
34
3 + 32 + -860 + 827
2
-27 + (-954 - -965 - (0 + -8))
-8
Calculate ((-6 - -14) + -19 - 0) + 47 - 0.
36
(-2 + -1 - 11) + (2077 - 2110)
-47
What is the value of 71 + -65 + 95 - (-6 + 17)?
90
What is 52 + (-15 + (32 - 12) - -4) - 16?
45
What is the value of (-24 - (-4 + (-25 - 3))) + 32?
40
Evaluate -26 + (-3 + 2 + (-6 - 6) - -19).
-20
74 + -84 - (2 + 0) - (-30 + (8 - 5))
15
Calculate (20 - (33 + -17 - -1)) + (-15 - -92).
80
What is (-15 - 28 - -38) + (27 - -2 - (-1 - -4))?
21
Calculate 5 + (-22 - (-12 + 8)) - -4 - 4.
-13
Calculate 23 - (-11 - -81 - -9) - (3 - 18).
-41
-391 + 546 + -143 - (-44 - 1 - 0)
57
-58 + 35 + 0 + 8
-15
What is the value of 4 + (58 + -21 - 14 - 23)?
4
Evaluate (12 - (-2 - -3)) + (207 + -230 - (73 + 2)).
-87
Calculate -56 + -2 - (-323 - -267).
-2
What is 4 + -1 + 40 + -44 + -14 + -5?
-20
Evaluate (15 + -7 - 0) + (11 - -5) + -47.
-23
What is 9 - (76 + 39 + -15 + -35)?
-56
Evaluate 26 - (-13 + (18 - 8) - 3).
32
What is -30 - (-10 - (24 - 2))?
2
What is -81 + -101 + 91 + -18?
-109
(13 - 0) + -4151 + 4111
-27
What is 7 + (-34 - -23 - (-4 - 6)) - 15?
-9
1 - (-22 + -1 + (-34 - -9 - -25 - 9))
33
(43 - -2 - 5) + (-2 - (4 - 11)) + 6
51
(-104 - 1) + (5 - ((271 - 276) + (15 - 0)))
-110
Evaluate (6 - 79) + (1078 - 974).
31
Calculate (3 - 9) + (2426 - 2474).
-54
What is 0 + (12 - -8 - 24 - (6 - 15))?
5
(2 - 36) + 72 - -10
48
-4 + -14 + 93 + -9 + -15
51
Evaluate -77 + 26 - (3 - 4).
-50
What is the value of -3 + 11 - -9 - (60 + -80)?
37
25 - (-17 + 65 - (20 - 23))
-26
What is the value of 11 - 9 - (1 + 4) - (31 - 21 - 20)?
7
-16 + 14 + 3 + -2 + (-5 - (107 - 3))
-110
Calculate -303 + 223 + 1 + -16.
-95
Evaluate (11 + 16 - -78) + -27 + 3.
81
What is the value of -29 + (33 + -21 - -7 - 38 - -26)?
-22
Calculate (-3 - (17 - 2)) + (-9 - (7 - 17)).
-17
What is the value of (-74 - -69) + (2 + -4 - (-2 + 6))?
-11
-1 + -2 - 7 - (-24 - (9 - 35))
-12
Evaluate (25 - 112) + (9 - (2 + -1)) - 18.
-97
What is -36 + (-23 - (-20 + -9))?
-30
Calculate -124 + -82 + 77 + 23.
-106
Evaluate -21 + 58 + (-1 - 25).
11
-5 + 10 + -22 + (-5 - -6) - (-1 + 9)
-24
What is -19 - (0 + 17 + 94 + -98)?
-32
5 + -48 + 721 + -632
46
What is the value of -17 - ((17 - 24) + (25 - 66))?
31
What is the value of 31 + -7 + -20 - (0 - -1 - -9) - -1?
-5
What is (34 - 2 - ((-78 - -33) + 58)) + -38?
-19
Evaluate -20 - (-2 + (12 - 11)).
-19
(383 - 260) + -112 + 8 + (-2 - (2 + -3))
18
What is the value of (-23 + 37 + -17 - -21) + -74?
-56
What is 3 + -7 + 66 + -29 + 2?
35
What is 1 + -1 + 1 + (-9690 - -9699)?
10
-30 + 24 + (2 - 16) - 41
-61
What is -55 + 15 - ((-2 - 22) + (90 - 77))?
-29
-13 + (2 + -22 - -9 - (-26 - -5))
-3
What is the value of (-46 - -46 - (2 + (-1 - -2))) + 16 + -57?
-44
What is 52 - ((12 - -13) + (-4 - 4) + -10)?
45
-46 + -1 - (9 + -10 + -7 + 10 + -1)
-48
What is the value of (-28 - -111 - 35) + -12?
36
Calculate (7 - 20) + (-19 + 15 + -31 - -86).
38
(-1 - -9) + (-26 + 28 - -17)
27
What is the value of -4 - (14 - -16 - (15 + -6))?
-25
Calculate -10 + 669 + -682 + (-1 - -17).
-7
What is the value of -1832 - -1777 - (-1 - 22)?
-32
Calculate -56 + -1 + 35 + 7.
-15
What is the value of 2 + (1 - (13 + (0 - 16))) + -20?
-14
10 - (-175 - -72) - 206
-93
What is -117 + (1 - (8 + -7)) - (-41 + 13 - -28)?
-117
Evaluate (1863 - 1904) + (12 - 1) - -117.
87
Evaluate -245 + 145 - 8 - (2 + -1 + -10).
-99
-111 + 100 - (-18 - -7 - 9)
9
Evaluate -10 - (-21 + -16 + 44).
-17
Evaluate -8 - (17 - (49 + -63 + 15 + 4 - 13)).
-33
-4 + 10 - (-27 + 56 + 71)
-94
What is the value of 2 + 24 + -10 - 14?
2
Evaluate -29 + 1 - (-20 - (-63 - (5 + -36))).
-40
What is 85 - (-113 + 235) - (0 + -36)?
-1
-8 + (-37 - -8) + (46 - 18)
-9
What is the value of (-5 - -4) + 7 + -9 + 7 + -11 - 32?
-39
What is 44 - (-8 + (0 - -4)) - (25 + -8)?
31
Evaluate (-8 - (18 - 4 - 34)) + -11.
1
Calculate -5 + (-7 - 8) - -23 - 36.
-33
What is (-7 - -1) + 154 + -121 + -3?
24
What is the value of 346 - 378 - (-44 + -11)?
23
Calculate -90 + 56 + (-54 - (3 + -6)).
-85
What is 2 - -35 - (-111 + 44 + 76)?
28
Evaluate -5259 + 5195 - (-18 - 1).
-45
Evaluate (28 - (57 + -26) - (0 - 82)) + (5 - 8).
76
What is -22 - (67 + -110) - -60 - (4 - (0 + 2))?
79
What is the value of (-59 + 15 - -13 - (-14 + -6)) + 30?
19
(34 - 2) + (-148 - -64)
-52
(-72 - -81) + 68 - (3 - -1)
73
8 - (30 + -19 + (5 - 1)) - -15 - -96
104
What is the value of -53 + 29 + -13 - -26?
-11
Evaluate -37 + 9 + 9 - (-11 - 22) - 80.
-66
Calculate -39 + (63 - 33) + (3 - 4 - -19).
9
-2 + 1 - 2 - (1545 + -1533) - (-58 - -28)
15
Evaluate 93 + -2 - (-304 - (-361 + 95)).
129
What is the value of (146 - (44 - -70)) + -103?
-71
Calculate -4 - ((-1 - -2) + 2) - (1028 - 1133).
98
Calculate 36 + (15 - 25 - 63).
-37
What is -20 - (12 + -14) - -18 - 21?
-21
14 - (-19 + (12 - 5) + 71 + 18)
-63
Evaluate (0 + -16 - -34) + 4 + (2 - 11).
13
Evaluate (1 - ((8 - 8) + (1 - -57))) + (914 - 904).
-47
Evaluate 14 + -34 - ((18 - (-57 - 14)) + -15).
-94
Evaluate -11 - (-12 - ((5 - 0 - 12) + -2)).
-8
(5 - 22) + 17 + 6 + 23
29
35 + (54 - 145 - -79)
23
Calculate -198 + 294 - (139 + 2).
-45
Calculate 22 - ((29 - 6 - 17) + -2).
18
Evaluate -15 + 115 + -58 - 11.
31
What is the value of (4 - 1) + -99 + 122 + 4 + 0 - -8?
38
107 - 110 - (-7 + -14 - -5)
13
Evaluate 38 - (-1 + -2) - (143 - 130).
28
Evaluate 87 + (30 - 48) - (21 - 4) - (1 - 2).
53
Evaluate -1831 - -1756 - (1 + (-1 - 5 - (-10 + 14))).
-66
What is the value of (59 - 33) + (-117 - -162)?
71
Evaluate -8 + 51 + (48 - -32) - -29.
152
Calculate (475 - 482) + (3 - 3) + (-2 - -101).
92
What is (23 + (0 - 15) - 18) + (-3 - -41)?
28
Evaluate 1262 + -1186 + (3 - 94).
-15
What is 6 + 8 + 3 + (-1 + 7 + -8 - 15)?
0
What is the value of -14 + (1 + 4 - -7) + -1 + (6 - 10)?
-7
Calculate 53 - (21 + -3 - 10 - 20 - -18).
47
What is the value of (9 - -20 - 54) + (2 - -8) - -3?
-12
C